 is the highest common divisor of s and 36?
36
Suppose -132*p + 16*p + 83056 = 0. Calculate the greatest common factor of 2 and p.
2
Suppose -17 = -2*u - 23. Let b be (u/4)/(-7 - 3015/(-432)). What is the highest common factor of 48 and b?
12
Let j be (-1)/5 + (-33)/(-15). Suppose 5*l = -j*p - 2*p + 105, 0 = 3*l + 2*p - 65. Let w = -12732 - -12737. Calculate the greatest common divisor of w and l.
5
Let l be -4 - -1 - (6/20 - (-5492045)/(-650)). Calculate the highest common divisor of 206 and l.
206
Suppose -u + 120 = 2*u. Let a(g) = -g**3 - 26*g**2 + 253*g + 5548. Let v be a(-28). What is the highest common factor of u and v?
8
Let v = 8184 - 8084. Let i = -120 - -170. Calculate the highest common divisor of i and v.
50
Let a(s) = -84*s - 24. Let m be a(-1). What is the greatest common divisor of 170 and m?
10
Let g be -1 + ((-1599)/(-2) - 30/(-20)). Suppose 0 = -9*p + 13*p - g. Suppose -50 = j - 3*j. Calculate the greatest common divisor of j and p.
25
Suppose -1136 - 1672 = -36*z. What is the highest common divisor of z and 2678?
26
Suppose 2*f = 2*s + 9188, -f + 9*s = 7*s - 4589. Calculate the highest common factor of f and 126.
63
Let p = 321 - 197. Let v = 43 + 76. Let j = v - 88. What is the greatest common divisor of p and j?
31
Let x = -70 - -98. Suppose t - 7 = m, -t - 4*m = 4*t - 8. What is the greatest common factor of x and t?
4
Let k be (-580)/7*((-14)/6)/((-8)/(-12)). Calculate the greatest common factor of k and 10.
10
Let b(z) = 25*z**2 + 941*z + 1887. Let q be b(-2). Suppose -3*a + 324 = 2*h, a + 1 = -3. What is the greatest common divisor of q and h?
21
Let z(g) = g**2 - 9*g - 8. Let c be z(-4). Suppose 5*w + 4 = 44. What is the highest common factor of c and w?
4
Suppose 47*o + 960 = 107*o. What is the greatest common divisor of o and 25?
1
Let v(d) = -d**3 - 22*d**2 - 111*d - 22. Let l be v(-15). Calculate the highest common divisor of 2227 and l.
17
Let v(t) = 4*t**3 - 14*t + 6. Let u be v(5). Let w = -163 + u. Suppose -11*n = -8*n - w. Calculate the greatest common factor of 26 and n.
13
Suppose n + 0 = -3, -2*n = -5*b - 39. Let i be (((-60)/b)/(-2))/(3/(-90)). Calculate the greatest common factor of 30 and i.
10
Let h(g) be the first derivative of -3*g**2 + 48*g - 47. Let d be h(7). What is the highest common divisor of d and 6?
6
Suppose -t + 258 = 5*d, -5*d + 3*t + 321 = 55. Calculate the highest common factor of d and 2496.
52
Let x(q) = 2*q**2 + 8*q - 9. Let z be x(-7). Let w = -42 - -110. Let y = -2 + w. What is the greatest common divisor of y and z?
33
Let o = 8539 + -5591. Calculate the highest common factor of o and 88.
44
Let k = -44610 + 44666. Calculate the highest common factor of k and 4564.
28
Let r be (-8)/(25 + 1071/(-42)). Let k be -2 - (0 - (3 + -2)). Let s be (22 + (-2)/k)*2. What is the greatest common factor of r and s?
16
Suppose 240*m - 16903 = -98*m - 3383. Calculate the highest common divisor of m and 3224.
8
Let n = 14 - 13. Let l be 9 + -9 - (-36 - (n + 1)). What is the greatest common divisor of l and 133?
19
Suppose 12 = -3*i, -44*s = -43*s + 2*i - 505. Let z = -21 + 78. Calculate the greatest common factor of s and z.
57
Let b(m) = 69*m - 123. Let g be b(2). Let w be (-30)/(-8)*(-6 + (-6 - -16)). What is the highest common divisor of w and g?
15
Let f be 2/3 - (-212)/6. Suppose -6*r + 2*r + f = 0. Suppose -q + 27 = r. What is the greatest common factor of 45 and q?
9
Let t be (-41)/(-2) + 3/(-6). Suppose -148 = -4*q + t. Let n be 6/39 - 2/52*-724. Calculate the greatest common divisor of n and q.
14
Let q = 17092 + 3784. Calculate the greatest common divisor of q and 136.
68
Let p = -12 + 21. Suppose -34 + 22 = -6*l. Suppose 0 = -3*m + 15, 0 = l*u - 2*m + 3 + 5. What is the greatest common divisor of p and u?
1
Let k(f) = -73 + 120*f + 83*f + 140*f - 240*f. Let u be k(5). What is the greatest common factor of 26 and u?
26
Let o(c) = -c**2 + 24*c - 54. Let n be o(21). Suppose 22*r - 10850 = -n*r. Calculate the highest common divisor of 100 and r.
50
Let n be -6 - 4 - -11*8. What is the highest common factor of 16926 and n?
78
Let r = -123 - -126. Let s = 22 + -4. Suppose 0 = -r*u - 3*g + 42, 14 = 2*u + 3*g - s. What is the greatest common divisor of u and 30?
10
Let y be (-34)/4 + (-3)/(-6). Let f(b) = b**2 + b - 8. Let o be f(y). Let r = 174 + -102. Calculate the highest common factor of o and r.
24
Let c = 239 + -164. Let b be (-12)/(-42) - (-38)/14. Let y be b/(-6)*-10*5. Calculate the greatest common divisor of c and y.
25
Let p be ((-5)/10)/((-5)/2) + (-37126)/(-95). Calculate the highest common divisor of 851 and p.
23
Let u(j) = -2*j**3 - 6*j**2 - 17*j - 154. Let s be u(-8). What is the greatest common factor of s and 2?
2
Suppose 16*b - 123 - 517 = 0. Calculate the greatest common divisor of 4260 and b.
20
Let q be -6 + (99 + -3)/8. What is the highest common factor of q and 6?
6
Let f(d) = -d**2 - 108*d + 4648. Let k be f(-126). Calculate the greatest common factor of 280 and k.
140
Let l be 84482/26 - (-568)/(-1846). What is the highest common factor of l and 36?
9
Suppose -5*q = 4*m - 146 - 650, -3*q = -m - 464. Let v = -390 - -843. Suppose 141 = -3*h + v. Calculate the greatest common factor of h and q.
52
Let l = 4385 - 3825. What is the greatest common divisor of 2660 and l?
140
Let v be ((21 - 1)*-3)/(-2*1). What is the highest common factor of 1010 and v?
10
Let n = -46 + 194. Suppose 12 = 7*z - 4*z, -4*f = -5*z - 572. Suppose -4*s + 8*s = f. Calculate the highest common divisor of s and n.
37
Let a be 5310/1475*90/4 + 7/1. Let x = 60 + -5. Calculate the greatest common factor of a and x.
11
Suppose g - 90 = -0*h - 5*h, 4*g - 435 = 5*h. Suppose -30 = -9*d + g. Calculate the highest common divisor of 39 and d.
3
Let s(a) = 11*a - 6 + 4 - 12. Suppose 3*h + k = 28, 0 = 2*h - h + 5*k. Let v be s(h). Calculate the highest common divisor of 24 and v.
24
Let n be 566891/221 - ((-5)/(-1) - 581/119). Calculate the highest common divisor of 675 and n.
135
Let o(y) = 61*y + 4863. Let n be o(-79). What is the greatest common divisor of 4499 and n?
11
Suppose 24*x - 26*x + 6*o = 0, -10 = -5*x + 5*o. Calculate the greatest common factor of 37 and x.
1
Suppose -182*z + 97 + 675 = -684. What is the highest common divisor of z and 166?
2
Let q be (1 - 18/4)*-26. Suppose -11*z + 18 = -37. Let l be (-13 - 0)/((-12)/60*z). What is the greatest common divisor of q and l?
13
Suppose 5*j = -4*h - 1664 - 1824, 0 = -j - 2*h - 694. Let t be (j/(-25))/((-2)/(-36)*2). Calculate the greatest common divisor of t and 36.
36
Let i be (-8)/(-6) + ((-800)/24 - 0). Let z be -1 + 3 - (i + 4). Suppose 2*k - 3*d - 370 = 2*d, 0 = 3*d + 6. What is the greatest common factor of z and k?
30
Let b(c) = 16*c**2 + 508*c - 71. Let i be b(-32). Calculate the highest common divisor of i and 15.
3
Suppose -8*t + 3888 = 10*t. Calculate the greatest common divisor of 81 and t.
27
Suppose 0*n = 3*n - f - 808, -8 = 2*f. Suppose -5*p + 3*p + 6 = 0. Suppose 4*s = -p*g + g + n, -g + 143 = 5*s. What is the greatest common divisor of g and 32?
32
Let a(d) = -3*d**3 + d**2 - 4*d - 16. Let s be a(-3). Let g(o) = 19*o**2 - o + 4. Let m be g(3). What is the greatest common divisor of m and s?
86
Let m be 38/((-4)/24 - 0). Let y = m - -608. Let q = -140 + y. Calculate the highest common divisor of 30 and q.
30
Suppose -5*s + 65 = -0*s. Suppose 2837 = 7*r + 317. Let d = r - 347. Calculate the greatest common divisor of s and d.
13
Let b = -27 + 172. Let p = b + -66. Let a = p + -7. Calculate the greatest common divisor of a and 9.
9
Suppose 13*v - 6*v = 3703. Let s be 6439/282 - 1/(-6). Calculate the greatest common factor of v and s.
23
Let q be 21498/24 - (-132)/(-48). Calculate the greatest common divisor of q and 47.
47
Let u(a) = 65*a - 12. Suppose -9 = -v - 5*p, p + 10 - 23 = -3*v. Let h be u(v). Calculate the greatest common divisor of 31 and h.
31
Let q = 16705 - 13109. What is the highest common divisor of q and 2?
2
Let u(r) = -19*r + 1761. Let q be u(83). Let c be (80/15)/(2/3). What is the highest common divisor of c and q?
8
Let l = 389 + -343. Suppose -29*i + 563 + l = 0. Calculate the highest common factor of i and 168.
21
Let z(u) = -2*u**3 - 7*u**2 + 6*u - 4. Let s be z(-8). Let i = s - 139. What is the highest comm